ivided by 11.
10
Suppose 0 = -3*j - 5*z + 29, 3*j + z + 0*z - 49 = 0. Calculate the remainder when j is divided by 4.
2
Suppose -5*u = 10*r - 170, 4*u - 6 = -r - 17. Let j = 20 + -9. What is the remainder when r is divided by j?
10
Let u(g) = -43*g. Let f be u(-4). Suppose v = -3*v + f. Let n(b) = b**3 - 18*b**2 + 45*b + 9. What is the remainder when v is divided by n(15)?
7
Suppose 0 = 27*r - 20*r - 49. Calculate the remainder when 85 is divided by r.
1
Suppose 97 = 3*j - 2*u, 3*j = -u + 78 + 4. What is the remainder when j is divided by 8?
5
Suppose 0 = 3*y + 22 - 1. Let q(v) = v + 11. Let f(w) = -w**3 + 6*w**2 + 7*w + 2. Calculate the remainder when q(y) is divided by f(7).
0
Suppose 1378 = 2*u - 2*m, 0*u - 4*u + 2*m + 2764 = 0. What is the remainder when (-2*1)/((-22)/u) is divided by 11?
8
Suppose -2*z + g = -54, 0*z + 4*z = -g + 114. Suppose 31*y = z*y + 33. What is the remainder when 74 is divided by y?
8
Suppose -4*m + 5*z - 334 = 0, m + 5*z + 50 = -21. Let n = -28 - m. What is the remainder when n is divided by 18?
17
What is the remainder when -10*(90/(-54) - (-508)/(-30)) is divided by 64?
58
What is the remainder when 89 is divided by (-156)/3*6/(-24)?
11
Suppose -3*b - b = -4*x, -20 = -5*x. What is the remainder when (252/(-54))/(b/(-102)) is divided by 15?
14
Suppose 27*m - 30*m = -603. What is the remainder when m is divided by 41?
37
Let c(t) = t**3 - 8*t**2 + 8*t - 3. Let u be c(6). Let n = u - -53. Suppose -64 = 22*w - n*w. What is the remainder when 63 is divided by w?
15
What is the remainder when (25/(-5) + 16)*9 is divided by 27?
18
Suppose -5*x + 1022 = -213. Calculate the remainder when x is divided by 64.
55
Suppose -30*p = -26*p - 148. Let m = 40 - p. What is the remainder when 8 is divided by m?
2
Let r(x) be the third derivative of 5*x**4/6 - 4*x**3/3 + 5*x**2. Let o be r(4). Let p = -21 + o. Calculate the remainder when p is divided by 13.
12
Suppose 2*l = -p + 5, 17 = 4*p + 5*l - 0*l. Suppose 0 = -0*c + 2*c - p*x - 13, 5*c = -2*x + 4. Calculate the remainder when 14 is divided by c.
0
Let f(i) = -2*i - 18. Let g be f(-10). What is the remainder when 46 is divided by g + (-3)/((-6)/8)?
4
Let c(a) = a**2 + 25*a - 76. What is the remainder when c(-34) is divided by 44?
10
Let u be 1/3*(-45)/(-5). Suppose -u*l - 2*l = -20. Suppose -l*h - 11 = -5*h. Calculate the remainder when 42 is divided by h.
9
Suppose -7*g = -8*g + 209. What is the remainder when g is divided by 53?
50
Let b = -773 + 1112. What is the remainder when b is divided by 11?
9
Suppose m = -z + 6, 0 = 5*z - 4*z - 2*m. Suppose -2*b + 3*b - 4*v + 2 = 0, 2*b - 12 = z*v. Calculate the remainder when 40 is divided by b.
12
What is the remainder when (-101)/(-202) + (-139)/2*-5 is divided by 27?
24
Let r be (-1060)/22 - ((-2)/11 + 0). Let h = -23 - r. Calculate the remainder when 97 is divided by h.
22
Let f = 68 - 62. What is the remainder when 449 is divided by f?
5
Let h be 27/5 + 8/(-20). Let a be (4/(-14))/(h/(-35)). Suppose a*u - 2*l - 2 = 0, 4*u + 5*l = 2*l + 25. What is the remainder when 11 is divided by u?
3
Let v(a) = -15*a**2 - 1 + 1 - 3*a - 11*a - a**3. Let f be v(-14). Suppose -5*u + 123 - 33 = f. What is the remainder when u is divided by 5?
3
What is the remainder when 21 is divided by 0/(-4) + (11 - -1)?
9
Suppose 0 = 21*x - 26*x + 2*b + 40, 0 = -5*x - 5*b + 40. What is the remainder when 114 is divided by x?
2
Let g = -35 - -42. What is the remainder when 164 is divided by g?
3
Let w(h) be the third derivative of h**6/120 + 7*h**5/60 + h**4/24 + h**3/3 - h**2. Let r = -16 + 12. What is the remainder when w(r) is divided by 12?
10
Let s = 7 - 6. Let t = s + -1. Suppose -4*w + 2*w + 32 = t. Calculate the remainder when 45 is divided by w.
13
Let h(i) = -15*i - 86. What is the remainder when 56 is divided by h(-7)?
18
Suppose 2*b + u + 158 = 4*b, -3*u + 12 = 0. Let z = -36 + b. Calculate the remainder when z is divided by 12.
9
Let l(x) = -x**2 + 35*x - 296. Calculate the remainder when 359 is divided by l(18).
9
Suppose -v = -5*v + 48. Suppose 204 = 3*m + 4*o - 5*o, -o = 3. Calculate the remainder when m is divided by v.
7
Suppose 2*s - s + 2*i = 0, 0 = 3*i + 3. Suppose -s*p = 23 - 145. Suppose -5*g + p - 9 = -3*z, -5*z + 60 = 5*g. What is the remainder when 63 is divided by g?
8
Let r(k) = k**3 + 7*k**2 - 21*k - 7. Suppose 0 = 3*n + 2*h - 26, -22 = -4*n - 4*h + 18. What is the remainder when r(-9) is divided by 32/n*(-18)/(-12)?
4
Suppose -2*g = -10 + 2, 0 = -4*m - 4*g + 180. Suppose 0 = 3*j + 4 - 13. Suppose -j*s + 22 = -2*s. What is the remainder when m is divided by s?
19
Suppose 0 = 25*g - 13*g - 684. Calculate the remainder when g is divided by 17.
6
Let a(j) = 46*j**3 + 4*j**2 - 8*j + 5. Calculate the remainder when 95 is divided by a(1).
1
Suppose 3*v = 10 + 2. Suppose -281 = -5*j - x, v*j = j - 3*x + 159. What is the remainder when j is divided by 15?
12
Suppose 0*l - 2*l = -10. Suppose 4*b + b = l*x - 60, 6 = -2*b. What is the remainder when x is divided by 6?
3
Let m be (7/(-21))/((-8)/(-24)). Let y(l) = -80*l - 1. Let r(u) = -159*u - 2. Let p(k) = -6*r(k) + 13*y(k). Calculate the remainder when p(m) is divided by 29.
27
Suppose 2*m + 2*g = 6*g - 14, 2*m = 3*g - 18. Let a = -10 - m. What is the remainder when 0 - 1 - 2*-9 is divided by a?
2
Suppose 0 = -4*l - 3*b - 0*b + 115, 3*b = -2*l + 65. Calculate the remainder when (-7 + 3)*(-81)/(-36)*-11 is divided by l.
24
Let b = -58 - -419. Calculate the remainder when b is divided by 26.
23
Suppose -8 = -4*h - 84. Let x = 25 + h. Suppose x = 2*m - 18. What is the remainder when 47 is divided by m?
11
What is the remainder when 43 is divided by 2*((-2)/4 - (-104)/13)?
13
Let m(a) = -5*a**3 + 2*a**2 - 3*a. Let j be m(2). Let l = j + 42. Calculate the remainder when 17 is divided by l.
1
Suppose -95*t - 250 = -100*t. Calculate the remainder when 143 is divided by t.
43
Suppose -3 = -4*x - 2*r + 1, 0 = -4*x + 5*r + 32. Suppose 2*j + j = -x, 2*j - 6 = -2*f. Let h(a) = 3*a + 11. Calculate the remainder when 66 is divided by h(f).
20
Suppose -15 = -g + 2*a, 0 = 5*g + 3*a + 26 - 36. Suppose -5*r + 2*y + 43 = 0, 33 = 3*r + y - 4*y. What is the remainder when r is divided by g?
2
Let d(a) = -a**3 - 10*a**2 + 9*a - 4. Let h(u) = -70*u**3 + u**2 + u. Suppose 3 = t + 4. What is the remainder when h(t) is divided by d(-11)?
16
Suppose 97 = 4*g - 5*p, 2*g - p - 2*p = 51. What is the remainder when 23 is divided by g?
5
Suppose -37 = -4*a + 5*c, -2 + 4 = 4*a + 2*c. What is the remainder when (-1065)/(-25) + a/(-5) is divided by 11?
9
Suppose 8*f - 5*f + 4*x - 12 = 0, -x - 11 = -f. Let c(w) = 0*w**2 - 2*w**2 + 5*w + 2*w**2 + w**2. Calculate the remainder when c(-7) is divided by f.
6
Calculate the remainder when 1977 is divided by ((-52)/(-6) - 7)/(1/9).
12
Suppose -98 = -7*g + 70. Calculate the remainder when g is divided by 17.
7
Let k be ((-4)/6)/((-8)/372). Let o = k + -48. Let s = 31 + o. What is the remainder when s is divided by 4?
2
Let i be (-10)/(-55) + (-656)/(-22) + 2. Suppose i = 9*q - 13. What is the remainder when 28 is divided by q?
3
Let v(t) = t**2 - t - 73. Suppose 0*m = -3*m - 9. Let b = 9 + m. Calculate the remainder when v(-9) is divided by b.
5
Suppose -3*t + 228 = 3*i - 6*t, 4*t = -20. What is the remainder when i is divided by 8?
7
Let v = 846 + -743. What is the remainder when 115 is divided by v?
12
Suppose 5*h = -c - 24, -5*h = -2*c - 16 + 43. Let d = 32 + h. Suppose -14*f = -11*f - d. Calculate the remainder when 33 is divided by f.
6
Suppose 0 = -24*u + 29*u - 415. Let h = -61 + u. Calculate the remainder when h is divided by 5.
2
Let s(r) = -r**3 + 4*r**2 + 4*r + 6. Let k be s(5). Let v(c) be the first derivative of 17*c**2/2 - c + 7. What is the remainder when v(k) is divided by 6?
4
Let m(t) = 4*t**2 - 3*t**2 - t**3 - 1 + 2*t**2 + t**2. Let i be m(4). What is the remainder when 6*18/4 - i is divided by 10?
8
What is the remainder when 28 is divided by ((-1)/2*-1)/(20/280)?
0
Suppose -5*r + 2*l = -31 - 17, 34 = 3*r + 4*l. Let m = -35 - -71. What is the remainder when m is divided by r?
6
What is the remainder when (-44)/(-374) - (-3 - (-3460)/(-68)) is divided by 20?
14
Suppose 0 = -3*s + 4*g + 25, -2*s - 3*g + 2 = -2*g. Suppose 0 = -0*l - s*l + 27. Calculate the rema